?
110010001011
In base 12, what is -31652 - 4?
-31656
In base 13, what is 30 + -a0a8?
-a078
In base 2, what is 100110 + -10010001101?
-10001100111
In base 3, what is 202000 - -12112?
221112
In base 2, what is 0 - 11001111011101010?
-11001111011101010
In base 3, what is 112120000 + -221?
112112002
In base 14, what is 706 + 42?
748
In base 2, what is -1001001001111110 - 1100?
-1001001010001010
In base 11, what is -200a562 + 0?
-200a562
In base 10, what is -19 - -4370?
4351
In base 9, what is -2124655 - -2?
-2124653
In base 16, what is b0 - 2159?
-20a9
In base 9, what is 11606 + -14?
11582
In base 4, what is -10 - -221203332?
221203322
In base 12, what is 316 - 718?
-402
In base 9, what is -7884 + 3?
-7881
In base 5, what is -30101 + -22?
-30123
In base 5, what is 10422 - -21?
10443
In base 14, what is -1 + -4500?
-4501
In base 16, what is 5 + -20?
-1b
In base 14, what is 2db - 25c?
7d
In base 16, what is -9 + -b63?
-b6c
In base 5, what is 3120122 + -2?
3120120
In base 11, what is -2 + 28765?
28763
In base 5, what is -103 - 44111?
-44214
In base 9, what is 1072 - -516?
1588
In base 15, what is -9129 + 3?
-9126
In base 9, what is 531 - 357?
163
In base 14, what is 3b137 + -4?
3b133
In base 8, what is 2 + 63440?
63442
In base 9, what is -248 + -3450?
-3708
In base 3, what is -11 + 1100201220122?
1100201220111
In base 12, what is 1037 + 20?
1057
In base 4, what is 1 - -31003033?
31003100
In base 5, what is -32 - 13023?
-13110
In base 5, what is -121430221 - 10?
-121430231
In base 2, what is -10101000110 + -110111?
-10101111101
In base 10, what is 6730 - 1?
6729
In base 6, what is -1014031 + -1?
-1014032
In base 5, what is 100321411 - 1?
100321410
In base 12, what is 3 + -6b68?
-6b65
In base 7, what is -415261 + 0?
-415261
In base 12, what is 56 - -6b7?
751
In base 3, what is 2010 - 2220022?
-2211012
In base 2, what is -100101 - -100010101100?
100010000111
In base 10, what is 10977 - -14?
10991
In base 15, what is 0 + 6b6c?
6b6c
In base 16, what is -27b6 - 5?
-27bb
In base 16, what is -a87 - -7?
-a80
In base 15, what is 39 + 1ab0?
1ae9
In base 8, what is 3 + -24407?
-24404
In base 9, what is -202312 + 1?
-202311
In base 3, what is -10201100 + -1000?
-10202100
In base 12, what is -891a + -5?
-8923
In base 4, what is 1012 - -1212131?
1213203
In base 14, what is -2 + -dda6c?
-dda70
In base 9, what is -2 - 3547?
-3550
In base 2, what is 101110110 - -1011001111010?
1011111110000
In base 3, what is 120020222 - 20?
120020202
In base 4, what is -2023230010 - -1?
-2023230003
In base 15, what is 7932 - 2?
7930
In base 7, what is -212520 + -3?
-212523
In base 9, what is -1171432 - 5?
-1171437
In base 2, what is 110101010 - -11000100?
1001101110
In base 11, what is 6 + 1518?
1523
In base 14, what is 414 + -d?
405
In base 2, what is 110 - -1101110000?
1101110110
In base 7, what is 10 - -110335?
110345
In base 11, what is -8 - 45a3?
-4600
In base 15, what is -a9b7 - 72?
-aa39
In base 2, what is -1100111000001100101 + -101?
-1100111000001101010
In base 15, what is -5 - -66c?
667
In base 15, what is cb8a - e?
cb7b
In base 15, what is 4 - -956b?
9570
In base 5, what is -21110 + -3231?
-24341
In base 12, what is 110 - 1577?
-1467
In base 10, what is -224236 + 4?
-224232
In base 4, what is -12 - 30103123?
-30103201
In base 7, what is 115456 - -1?
115460
In base 10, what is -189 + -26781?
-26970
In base 7, what is 2100 - -23?
2123
In base 12, what is 3 - 692265?
-692262
In base 14, what is -2b + 121?
d4
In base 10, what is -3 - 2332?
-2335
In base 12, what is 49b9a3 - 5?
49b99a
In base 13, what is 11a + 62a?
747
In base 9, what is 1040 - 273?
656
In base 13, what is -15b89 - 2?
-15b8b
In base 6, what is -11022 + -145?
-11211
In base 15, what is a - -24431?
2443b
In base 11, what is -275a8 + -42?
-2763a
In base 9, what is 32 + -13347?
-13315
In base 16, what is -e - 8ea?
-8f8
In base 12, what is 4831 + b?
4840
In base 16, what is ec3 + -3?
ec0
In base 2, what is -1000000001000101010 + -101?
-1000000001000101111
In base 14, what is -757 + -136?
-88d
In base 16, what is -2 - 390d?
-390f
In base 4, what is 2002 + 12321012?
12323020
In base 14, what is -4 - 7916a?
-79170
In base 7, what is 550425 + 5?
550433
In base 13, what is -4 + -20a6a?
-20a71
In base 16, what is -8a9 + 10?
-899
In base 16, what is 1 - -3fff?
4000
In base 16, what is ed + -382?
-295
In base 11, what is 1499622 - 5?
1499618
In base 2, what is 1 + 110100010010?
110100010011
In base 14, what is -214 - 5c1?
-7d5
In base 12, what is 7539 - -4?
7541
In base 8, what is -3324162 + 4?
-3324156
In base 6, what is -241 - 44?
-325
In base 8, what is 54 + -1140?
-1064
In base 12, what is 30b - -1125?
1434
In base 13, what is 13 + -5ac?
-599
In base 8, what is 267 - -1467?
1756
In base 15, what is b69 + -33?
b36
In base 3, what is -111222102200 - -10?
-111222102120
In base 13, what is 16c - -134?
2a3
In base 3, what is -2 - -1222112102?
1222112100
In base 13, what is -182 - 1ac?
-361
In base 12, what is -29763 - 3?
-29766
In base 11, what is -4 - 1326?
-132a
In base 5, what is 1431440 + 4?
1431444
In base 8, what is -40 + 63?
23
In base 3, what is 1220020 + -1211?
1211102
In base 2, what is 111101 - -101011110010?
101100101111
In base 10, what is 3136 - -106?
3242
In base 13, what is -12570 + 14?
-12559
In base 5, what is -423313 + 2?
-423311
In base 16, what is -885d + -17?
-8874
In base 15, what is d - 5d8?
-5ca
In base 14, what is 550 + 9?
559
In base 10, what is -8165394 - 0?
-8165394
In base 6, what is 2 + 252032?
252034
In base 4, what is -233003303 + 2?
-233003301
In base 16, what is 0 - -571d?
571d
In base 7, what is -5 - -12225103?
12225065
In base 2, what is 1011100 - -10001110111010?
10010000010110
In base 9, what is -6706 + 128?
-6567
In base 3, what is -220121 + -1?
-220122
In base 14, what is -b0874 + -4?
-b0878
In base 14, what is -18d + -c19?
-da8
In base 8, what is 2 - 15363?
-15361
In base 16, what is 1 - -ed6?
ed7
In base 8, what is 4 + -405601?
-405575
In base 3, what is -1101 + 1020120220?
1020112112
In base 7, what is -35 - -14314?
14246
In base 16, what is 2d2 - -b?
2dd
In base 11, what is -1287 + -47?
-1323
In base 6, what is -20 - -413?
353
In base 8, what is -3 + -233723?
-233726
In base 7, what is -4 - 20636?
-20643
In base 15, what is 18 - -1672?
168a
In base 5, what is -1421041 - -23?
-1421013
In base 10, what is -405 - -42?
-363
In base 16, what is -a0f0fd + 2?
-a0f0fb
In base 11, what is 118 + -2264?
-2147
In base 3, what is 12 - 112101121?
-112101102
In base 9, what is -30574 - 5?
-30580
In base 3, what is -21012 + -20200?
-111212
In base 7, what is -334160 - 5?
-334165
In base 7, what is -3 - -45255?
45252
In base 11, what is a8 + 482?
57a
In base 13, what is 92441 + 3?
92444
In base 5, what is -10 + 2003411?
2003401
In base 16, what is 39b + -1cf7?
-195c
In base 11, what is 45143 + 3?
45146
In base 7, what is -251625 + 5?
-251620
In base 4, what is 13302322 - 1211?
13301111
In base 5, what is 2 - 312201?
-312144
In base 16, what is -75f + 4?
-75b
In base 9, what is -80 + -26026?
-26116
In base 8, what is 2 + -565515?
-565513
In base 3, what is 2111101 - 101?
2111000
In base 14, what is 777 - -6d?
806
In base 13, what is -3 - 6ab?
-6b1
In base 15, what is -8 + -4659?
-4662
In base 12, what is 482 + -413?
6b
In base 13, what is 0 + -510b?
-510b
In base 5, what is 12 + -3233132?
-3233120
In base 4, what is 11003111 - -20?
11003131
In base 14, what is -11146 + 2?
-11144
In base 14, what is -1aa - -222d?
2063
In base 11, what is -72427 - -5?
-72422
In base 13, what is -44 - -4108?
4094
In base 12, what is 37a4 + 8?
37b0
In base 5, what is 314143 + 4?
314202
In base 14, what is 1a8d8 - 29?
1a8ad
In base 16, what is -8de + -55?
-933
In base 12, what is 14302 + -b?
142b3
In base 10, what is 72 - 4254?
-4182
In base 14, what is -3 - 2a4?
-2a7
In base 2, what is 1010100111 - -1011001?
1100000000
In base 6, what is -403512 + -4?
-403520
In base 2, what is -10 - 1110001101101?
-1110001101111
In base 16, what is 481 + -c46?
-7c5
In base 2, what is 1000010110001110010 - -100?
1000010110001110110
In base 2, what is 100000111000 - 1101101?
11111001011
In base 15, what is -aea4 - 6?
-aeaa
In base 12, what is -6225 - -17?
-620a
In base 15, what is 48 - -1a6?
1ee
In base 5, what is 114 - 123433?
-1